
2
Suppose 0 = 5*b - 7 - 13. Let f(m) = m**3 - 4*m**2 + 2. Let o be f(b). Let p(h) = 5*h**2 + h. What is the tens digit of p(o)?
2
Suppose -4*q - 1602 + 161 = -5*l, 5*q - 2*l + 1814 = 0. What is the hundreds digit of (q/7)/((-1)/3)?
1
Let z(p) = -2*p**2 + 2*p - 1. Let q be z(1). Let m be 1 + 1 + q*6. What is the units digit of (3 - -2)/(-3 - m)?
5
Let t(d) = 19*d**2 - 2*d + 56. What is the hundreds digit of t(5)?
5
Suppose 4*m - 4*r = 36, -2*m + 4*r + 6 = -14. What is the units digit of m?
8
Let v(b) = b - 8. Let r be v(12). Suppose -r*w + w = -384. What is the hundreds digit of w?
1
Let n(c) = 3*c**3 - 4*c**3 - 1 + 0*c**2 - 11*c - 10*c**2. Suppose g + 47 = -5*u, g - 46 = 4*u + 6*g. What is the units digit of n(u)?
7
Let k(d) = -2*d**2 - 35*d + 7. Let m = -50 - -34. What is the units digit of k(m)?
5
Let x(u) = 6*u**3 + 7*u + 4*u**3 + 5 + 5 - 6*u**2 - 6. What is the hundreds digit of x(3)?
2
Suppose -14 = 9*k - 4460. What is the hundreds digit of k?
4
Let x = 108 - 54. What is the units digit of x?
4
Let l = -85 - -53. Let h be ((-1258)/(-111))/((-2)/(-9)). Let c = l + h. What is the units digit of c?
9
Suppose 0*f - f = -5*c + 6826, 0 = -4*c + 5*f + 5465. What is the hundreds digit of c?
3
Let w(l) = -6*l**2 + 3*l + l**3 + 4 - 1 + 0*l**2. Let a be w(5). Let x = -1 - a. What is the units digit of x?
6
Let z(w) = -304*w - 209. What is the thousands digit of z(-21)?
6
Let g be 88 + (0 + 5 - 2). Let k = g - 43. What is the units digit of k + (8 - (-16)/(-4))?
2
Let c(q) = 7*q - 2*q - 33 + 33 - 51. What is the units digit of c(24)?
9
Let p(z) = z**3 - 14*z**2 + 11. Let c be p(14). Suppose 918 = c*d - 501. What is the units digit of d?
9
Let g(y) = -y**3 + 9*y**2 - 5*y + 3. Let k(j) = 5*j + 21. Let f be k(-3). What is the units digit of g(f)?
1
Let x(p) = 2*p + 7. Let v be x(3). Let r = v + -10. Suppose -g - 17 = -r*a, 0*g = 2*a + g - 8. What is the units digit of a?
5
Let i(m) = 2*m**3 - 4*m**2 + 3*m. Let f be i(2). Let p(u) = 37*u + 23. Let o(g) = 9*g + 6. Let a(b) = 9*o(b) - 2*p(b). What is the tens digit of a(f)?
5
Let c = 23 - -2. Suppose 3*b = -2*b + c. Suppose 57 = b*j - 33. What is the units digit of j?
8
Let d = -298 + 1815. What is the hundreds digit of d?
5
Suppose q + d - 1 = 0, -3*d + 2*d - 5 = -2*q. Let i be q*1 + (-12)/(-3). Let s(v) = v**2 - v - 1. What is the tens digit of s(i)?
2
Let g(q) = q**2 + 5*q - 3. Let r(a) = -a**2 - a + 1. Let h(f) = -g(f) - 2*r(f). Let s be h(4). Suppose -s*j = -j - 212. What is the tens digit of j?
5
Suppose 3*r - 5*t = -2*r + 2210, -4*r = 3*t - 1803. What is the hundreds digit of r?
4
Let y(r) = -4*r + 37. Let k be y(10). What is the units digit of -1*(-14 + 9/k)?
7
Let d = 0 - 0. Suppose g + 3*r = -g + 69, 0 = 2*g + 4*r - 74. Suppose d*q - g = -3*q. What is the units digit of q?
9
Let z be (-5 - -14)/(2 - 5/4). Let f(v) be the third derivative of v**5/60 - 3*v**4/8 + 3*v**3 + 4*v**2. What is the units digit of f(z)?
4
Suppose 2*m = 4*r, 7*m - 2*r - 32 = 2*m. Suppose -2*b + m*b - 18 = 0. What is the units digit of b?
3
Let n(t) = -t**3 - 15*t**2 + t + 18. Let q be n(-15). Suppose -q*j + 20 = -4*j. What is the tens digit of -4*(-2 - j/(-16))?
1
Let n = 25 - 31. Let f(l) = 2*l + 12. Let v be f(n). Suppose -3*o + 114 - 18 = v. What is the units digit of o?
2
Let g(x) be the second derivative of -7*x**3/2 - x**2/2 + 17*x. What is the units digit of g(-3)?
2
Let q = 4570 + -1956. What is the thousands digit of q?
2
Suppose -2*y - 2*y + 44 = 0. Suppose -2*z + y = -11. What is the units digit of z?
1
Let s(f) = f - 6. Let n be s(3). What is the units digit of 21/63 - 41/n?
4
Let x = 153 + 176. What is the hundreds digit of x?
3
What is the hundreds digit of -2*(3 - 2) - (-910 - -2)?
9
Let f = 69 + -65. Suppose a - 5*y = -f*a + 765, 3*y = -2*a + 281. What is the hundreds digit of a?
1
Let y be (-10)/(-25)*10/1. Let g be 5 - (y/(-4) - -3). Suppose 81 = g*l + 2*l + o, 4*l = 4*o + 84. What is the tens digit of l?
1
Let r = 1596 - 1102. What is the hundreds digit of r?
4
What is the units digit of (176/(-12))/((-11)/2739)?
2
Let y = 1693 - 1022. What is the units digit of y?
1
Let i(p) = p**2 + p - 13. Let z be i(9). Suppose x - 146 = z. What is the units digit of x?
3
Let p(z) = -142 - 4*z + 127 - z**2 - z**2 + 3*z**2. What is the units digit of p(-8)?
1
Suppose -4*z + 44 = -5*r, 2*z - 3*z - 2*r = 2. What is the units digit of -2*(z/4)/(3/(-35))?
5
Suppose -x + 100 = 9. What is the tens digit of x?
9
Suppose -5*t = 3*c + 38, -28 = 2*t - 3*c + c. Let z = t + -5. Let s = 58 - z. What is the tens digit of s?
7
Suppose -t + k + 550 = 0, -k - 784 = 4*t - 2984. What is the hundreds digit of t?
5
Suppose 0 = -0*v + 3*v + 180. What is the units digit of (1*(-1 - v))/1?
9
Let i(m) = -50*m - 7. Suppose 40*t - 37*t + 12 = 0. What is the tens digit of i(t)?
9
Let d = -1001 + 1635. What is the units digit of d?
4
Let v = 5 - 1. Let a = v - -5. Suppose a*h - 4*h = 65. What is the tens digit of h?
1
Let v be 1802/9 + (-10)/45. Suppose 5*j - v = -5*x, -4*j + 3*j + 124 = 3*x. What is the units digit of x?
2
Let i be (-8)/(-12)*18/8*2. What is the units digit of ((-4)/(-6))/(2/i)?
1
Let s = -136 - -255. Suppose -294 + s = -5*v. What is the units digit of v?
5
Let g(t) = t**3 - 12*t**2 - t - 15. Let f be g(12). Let a = f - -32. What is the tens digit of 4/20 + 239/a?
4
Let u = 43 + -39. Suppose 74 = -u*v + 222. What is the tens digit of v?
3
Suppose -3*z = -6*z + 6. Let r = -2 + z. Suppose 0 = c - d - 31 - r, 0 = -5*d. What is the units digit of c?
1
Let o = 471 + -659. Let m = 306 + o. What is the tens digit of m?
1
Suppose 200 = 3*z + 4*n - 754, -2*n + 960 = 3*z. Let h = -230 + z. What is the units digit of h?
2
Let p(j) = -j**2 - 3*j + 1. Let l be p(-4). Suppose 2*s + 4*k - 44 = 0, -3*k + 3 = -4*s + 80. Let n = s - l. What is the tens digit of n?
2
What is the units digit of (4568/12)/(6/27)?
3
Suppose 8*n - 3*n = -5*j + 25, -5*n = -j - 13. Suppose 2*d = 4*l - 780, n*d = -0*l - 5*l + 986. What is the hundreds digit of l?
1
Let j(s) = -2*s - 5. Let y be j(-6). Suppose 2*f + 17 = -y. What is the units digit of (-24)/2*6/f?
6
Let m be (-152)/12*33/2. Let s be m/5 + 12/15. Let y = -18 - s. What is the units digit of y?
3
Let s(m) = -10*m**3 + 2*m**2 - 11*m - 9. What is the hundreds digit of s(-4)?
7
Let q(s) = -18*s + 1. Let m(i) = 90*i - 5. Let l(r) = 2*m(r) + 11*q(r). Let z be l(5). Let y = z + 126. What is the units digit of y?
7
Let q(x) = x**2 - 16*x - 93. What is the units digit of q(-17)?
8
Suppose -74*y + 3656 = -2856. What is the tens digit of y?
8
Suppose -m = -4 - 1. Suppose -7 = -2*v + 25. Suppose -106 = -m*x - v. What is the units digit of x?
8
Suppose 2*l - 135 - 199 = 0. What is the hundreds digit of l?
1
What is the hundreds digit of (-13 - 0 - -612) + (0 - -8)?
6
Let l be (3 - 2) + (15 - 1). Let k be (3 + -4*4)*-2. Suppose -g - 4*f = -k, g - l = -2*f + 7. What is the units digit of g?
8
Let g = 1379 - 887. What is the hundreds digit of g?
4
What is the tens digit of ((-12)/(-5))/(-2*1/(-915))?
9
Suppose -31*h + 6573 = -24*h. What is the tens digit of h?
3
Let n(d) = 150*d - 261. What is the thousands digit of n(28)?
3
Suppose -3*g = 5*r + 12, 0 = -2*r + 3*g - 3 - 6. Let t(w) = -6*w + 6*w - 20*w. What is the tens digit of t(r)?
6
Let r(o) = -o**3 + 7*o**2 - 35*o + 30. What is the tens digit of r(-11)?
9
Let y(k) = 55*k - 1. Let l be y(-5). Let n be ((-99)/(-55))/((-3)/(-10)). What is the units digit of l/(-14) + n/21?
0
Let d(t) = -12*t. Let n(r) = -47*r. Let z(q) = -18*d(q) + 4*n(q). Suppose -5*w + 14 = 3*h, 5*h - 5 - 9 = w. What is the units digit of z(w)?
8
Let g(c) = -2*c**3 + 3*c**2 + 3*c. Let v be g(-2). Let l = v + -17. Suppose 273 = 4*a - 0*f + l*f, 0 = 2*f - 2. What is the tens digit of a?
6
Let a be 24/(-16) + 3/2. Suppose 0*q + 2*l = 4*q + 536, -3*q - 4*l - 424 = a. What is the units digit of q/(-5) + 11/(-55)?
7
Suppose 0*w - 3*p - 165 = 3*w, -3*p = -3*w - 153. Let h = w + 70. What is the units digit of h?
7
Let x = 38 + -37. What is the units digit of x/((2/(-1))/(-110))?
5
Suppose -4*k = -5*t - 3080, 2*k + 2279 = 5*k + 4*t. What is the hundreds digit of k?
7
Let m(c) = 2*c**2 - 28*c + 54. What is the hundreds digit of m(23)?
4
Let u be 72/(-9)*1/(-2). What is the tens digit of 21 + (7 + 1 - u)?
2
L